{"id":22,"date":"2022-09-13T16:36:52","date_gmt":"2022-09-13T14:36:52","guid":{"rendered":"http:\/\/turnverein-zell.de\/web\/?page_id=22"},"modified":"2025-09-04T20:46:22","modified_gmt":"2025-09-04T18:46:22","slug":"eltern-kind","status":"publish","type":"page","link":"http:\/\/turnverein-zell.de\/web\/eltern-kind\/","title":{"rendered":"Eltern-Kind"},"content":{"rendered":"\n<p>&#8222;Affenstarke Turnkids&#8220; ist&nbsp; ein Eltern-Kind-Turnen zu dem wir Eltern oder Gro\u00dfeltern mit ihren Kindern von 2 bis 4 Jahren herzlich willkommen hei\u00dfen.<\/p>\n\n\n\n<p>Hier erwartet die Kinder ein Bewegungsangebot, in dem sie spielen, balancieren, tanzen, klettern, rutschen, springen und toben k\u00f6nnen. Die Eltern begleiten ihre Kinder und k\u00f6nnen hier gerne auch aktiv in das Bewegungsangebot einsteigen.&nbsp;<br>Spielerisch werden die Kinder an vielf\u00e4ltige Bewegungserfahrungen herangef\u00fchrt, um die koordinativen F\u00e4higkeiten zu trainieren.<br>Neue Bewegungen auszuprobieren und zu meistern st\u00e4rken das Selbstwirksamkeitserleben der Kinder.<br>Durch die Interaktionen in der Gruppe werden vorallem auch soziale Kooperationsf\u00e4higkeiten geschult.&nbsp;<br>Bei uns steht der Spa\u00df an Bewegungen im Vordergrund und das Interesse des Kindes. Daher bietet der Hauptteil der Stunde immer verschiedene Stationen mit verschiedenen Schwerpunkten, die die Kinder durchlaufen k\u00f6nnen. Beginn und Ende der Stunde werden mit Spielen, T\u00e4nzen und \u00dcbungen mit Eltern gestaltet.<\/p>\n\n\n\n<p class=\"has-text-align-left has-white-color has-vivid-red-background-color has-text-color has-background\">Eltern-Kind &#8211; Donnertags &#8222;Anmeldung erfoderlich&#8220;<br>in der Turnhalle Grundschule<br>Ansprechpartner Petra Eigner Tel.: +49 151 11579832                                                                      Daniela Nickels Tel.: +49 1604325344<\/p>\n\n\n\n<p><\/p>\n\n\n\n<figure class=\"wp-block-gallery has-nested-images columns-default is-cropped wp-block-gallery-1 is-layout-flex wp-block-gallery-is-layout-flex\">\n<figure class=\"wp-block-image size-large\"><img loading=\"lazy\" decoding=\"async\" width=\"768\" height=\"1024\" data-id=\"242\" src=\"http:\/\/turnverein-zell.de\/web\/wp-content\/uploads\/2023\/09\/20230316_164520-768x1024.jpg\" alt=\"\" class=\"wp-image-242\" srcset=\"http:\/\/turnverein-zell.de\/web\/wp-content\/uploads\/2023\/09\/20230316_164520-768x1024.jpg 768w, http:\/\/turnverein-zell.de\/web\/wp-content\/uploads\/2023\/09\/20230316_164520-225x300.jpg 225w, http:\/\/turnverein-zell.de\/web\/wp-content\/uploads\/2023\/09\/20230316_164520-1152x1536.jpg 1152w, http:\/\/turnverein-zell.de\/web\/wp-content\/uploads\/2023\/09\/20230316_164520-1536x2048.jpg 1536w, http:\/\/turnverein-zell.de\/web\/wp-content\/uploads\/2023\/09\/20230316_164520-scaled.jpg 1920w\" sizes=\"auto, (max-width: 767px) 89vw, (max-width: 1000px) 54vw, (max-width: 1071px) 543px, 580px\" \/><\/figure>\n\n\n\n<figure class=\"wp-block-image size-large\"><img loading=\"lazy\" decoding=\"async\" width=\"768\" height=\"1024\" data-id=\"241\" src=\"http:\/\/turnverein-zell.de\/web\/wp-content\/uploads\/2023\/09\/20230316_164641-768x1024.jpg\" alt=\"\" class=\"wp-image-241\" srcset=\"http:\/\/turnverein-zell.de\/web\/wp-content\/uploads\/2023\/09\/20230316_164641-768x1024.jpg 768w, http:\/\/turnverein-zell.de\/web\/wp-content\/uploads\/2023\/09\/20230316_164641-225x300.jpg 225w, http:\/\/turnverein-zell.de\/web\/wp-content\/uploads\/2023\/09\/20230316_164641-1152x1536.jpg 1152w, http:\/\/turnverein-zell.de\/web\/wp-content\/uploads\/2023\/09\/20230316_164641-1536x2048.jpg 1536w, http:\/\/turnverein-zell.de\/web\/wp-content\/uploads\/2023\/09\/20230316_164641-scaled.jpg 1920w\" sizes=\"auto, (max-width: 767px) 89vw, (max-width: 1000px) 54vw, (max-width: 1071px) 543px, 580px\" \/><\/figure>\n\n\n\n<figure class=\"wp-block-image size-large\"><img loading=\"lazy\" decoding=\"async\" width=\"768\" height=\"1024\" data-id=\"243\" src=\"http:\/\/turnverein-zell.de\/web\/wp-content\/uploads\/2023\/09\/20230316_164852-768x1024.jpg\" alt=\"\" class=\"wp-image-243\" srcset=\"http:\/\/turnverein-zell.de\/web\/wp-content\/uploads\/2023\/09\/20230316_164852-768x1024.jpg 768w, http:\/\/turnverein-zell.de\/web\/wp-content\/uploads\/2023\/09\/20230316_164852-225x300.jpg 225w, http:\/\/turnverein-zell.de\/web\/wp-content\/uploads\/2023\/09\/20230316_164852-1152x1536.jpg 1152w, http:\/\/turnverein-zell.de\/web\/wp-content\/uploads\/2023\/09\/20230316_164852-1536x2048.jpg 1536w, http:\/\/turnverein-zell.de\/web\/wp-content\/uploads\/2023\/09\/20230316_164852-scaled.jpg 1920w\" sizes=\"auto, (max-width: 767px) 89vw, (max-width: 1000px) 54vw, (max-width: 1071px) 543px, 580px\" \/><\/figure>\n\n\n\n<figure class=\"wp-block-image size-large\"><img loading=\"lazy\" decoding=\"async\" width=\"1024\" height=\"768\" data-id=\"238\" src=\"http:\/\/turnverein-zell.de\/web\/wp-content\/uploads\/2023\/09\/20230504_171222-1024x768.jpg\" alt=\"\" class=\"wp-image-238\" srcset=\"http:\/\/turnverein-zell.de\/web\/wp-content\/uploads\/2023\/09\/20230504_171222-1024x768.jpg 1024w, http:\/\/turnverein-zell.de\/web\/wp-content\/uploads\/2023\/09\/20230504_171222-300x225.jpg 300w, http:\/\/turnverein-zell.de\/web\/wp-content\/uploads\/2023\/09\/20230504_171222-768x576.jpg 768w, http:\/\/turnverein-zell.de\/web\/wp-content\/uploads\/2023\/09\/20230504_171222-1536x1152.jpg 1536w, http:\/\/turnverein-zell.de\/web\/wp-content\/uploads\/2023\/09\/20230504_171222-2048x1536.jpg 2048w\" sizes=\"auto, (max-width: 767px) 89vw, (max-width: 1000px) 54vw, (max-width: 1071px) 543px, 580px\" \/><\/figure>\n\n\n\n<figure class=\"wp-block-image size-large\"><img loading=\"lazy\" decoding=\"async\" width=\"768\" height=\"1024\" data-id=\"239\" src=\"http:\/\/turnverein-zell.de\/web\/wp-content\/uploads\/2023\/09\/20230504_171247-768x1024.jpg\" alt=\"\" class=\"wp-image-239\" srcset=\"http:\/\/turnverein-zell.de\/web\/wp-content\/uploads\/2023\/09\/20230504_171247-768x1024.jpg 768w, http:\/\/turnverein-zell.de\/web\/wp-content\/uploads\/2023\/09\/20230504_171247-225x300.jpg 225w, http:\/\/turnverein-zell.de\/web\/wp-content\/uploads\/2023\/09\/20230504_171247-1152x1536.jpg 1152w, http:\/\/turnverein-zell.de\/web\/wp-content\/uploads\/2023\/09\/20230504_171247-1536x2048.jpg 1536w, http:\/\/turnverein-zell.de\/web\/wp-content\/uploads\/2023\/09\/20230504_171247-scaled.jpg 1920w\" sizes=\"auto, (max-width: 767px) 89vw, (max-width: 1000px) 54vw, (max-width: 1071px) 543px, 580px\" \/><\/figure>\n\n\n\n<figure class=\"wp-block-image size-large\"><img loading=\"lazy\" decoding=\"async\" width=\"768\" height=\"1024\" data-id=\"240\" src=\"http:\/\/turnverein-zell.de\/web\/wp-content\/uploads\/2023\/09\/20230504_171304-768x1024.jpg\" alt=\"\" class=\"wp-image-240\" srcset=\"http:\/\/turnverein-zell.de\/web\/wp-content\/uploads\/2023\/09\/20230504_171304-768x1024.jpg 768w, http:\/\/turnverein-zell.de\/web\/wp-content\/uploads\/2023\/09\/20230504_171304-225x300.jpg 225w, http:\/\/turnverein-zell.de\/web\/wp-content\/uploads\/2023\/09\/20230504_171304-1152x1536.jpg 1152w, http:\/\/turnverein-zell.de\/web\/wp-content\/uploads\/2023\/09\/20230504_171304-1536x2048.jpg 1536w, http:\/\/turnverein-zell.de\/web\/wp-content\/uploads\/2023\/09\/20230504_171304-scaled.jpg 1920w\" sizes=\"auto, (max-width: 767px) 89vw, (max-width: 1000px) 54vw, (max-width: 1071px) 543px, 580px\" \/><\/figure>\n\n\n\n<figure class=\"wp-block-image size-large\"><img loading=\"lazy\" decoding=\"async\" width=\"768\" height=\"1024\" data-id=\"244\" src=\"http:\/\/turnverein-zell.de\/web\/wp-content\/uploads\/2023\/09\/20230504_171338-768x1024.jpg\" alt=\"\" class=\"wp-image-244\" srcset=\"http:\/\/turnverein-zell.de\/web\/wp-content\/uploads\/2023\/09\/20230504_171338-768x1024.jpg 768w, http:\/\/turnverein-zell.de\/web\/wp-content\/uploads\/2023\/09\/20230504_171338-225x300.jpg 225w, http:\/\/turnverein-zell.de\/web\/wp-content\/uploads\/2023\/09\/20230504_171338-1152x1536.jpg 1152w, http:\/\/turnverein-zell.de\/web\/wp-content\/uploads\/2023\/09\/20230504_171338-1536x2048.jpg 1536w, http:\/\/turnverein-zell.de\/web\/wp-content\/uploads\/2023\/09\/20230504_171338-scaled.jpg 1920w\" sizes=\"auto, (max-width: 767px) 89vw, (max-width: 1000px) 54vw, (max-width: 1071px) 543px, 580px\" \/><\/figure>\n\n\n\n<figure class=\"wp-block-image size-large\"><img loading=\"lazy\" decoding=\"async\" width=\"768\" height=\"1024\" data-id=\"245\" src=\"http:\/\/turnverein-zell.de\/web\/wp-content\/uploads\/2023\/09\/20230504_171342-768x1024.jpg\" alt=\"\" class=\"wp-image-245\" srcset=\"http:\/\/turnverein-zell.de\/web\/wp-content\/uploads\/2023\/09\/20230504_171342-768x1024.jpg 768w, http:\/\/turnverein-zell.de\/web\/wp-content\/uploads\/2023\/09\/20230504_171342-225x300.jpg 225w, http:\/\/turnverein-zell.de\/web\/wp-content\/uploads\/2023\/09\/20230504_171342-1152x1536.jpg 1152w, http:\/\/turnverein-zell.de\/web\/wp-content\/uploads\/2023\/09\/20230504_171342-1536x2048.jpg 1536w, http:\/\/turnverein-zell.de\/web\/wp-content\/uploads\/2023\/09\/20230504_171342-scaled.jpg 1920w\" sizes=\"auto, (max-width: 767px) 89vw, (max-width: 1000px) 54vw, (max-width: 1071px) 543px, 580px\" \/><\/figure>\n\n\n\n<figure class=\"wp-block-image size-large\"><img loading=\"lazy\" decoding=\"async\" width=\"1024\" height=\"768\" data-id=\"246\" src=\"http:\/\/turnverein-zell.de\/web\/wp-content\/uploads\/2023\/09\/20230504_173255-1024x768.jpg\" alt=\"\" class=\"wp-image-246\" srcset=\"http:\/\/turnverein-zell.de\/web\/wp-content\/uploads\/2023\/09\/20230504_173255-1024x768.jpg 1024w, http:\/\/turnverein-zell.de\/web\/wp-content\/uploads\/2023\/09\/20230504_173255-300x225.jpg 300w, http:\/\/turnverein-zell.de\/web\/wp-content\/uploads\/2023\/09\/20230504_173255-768x576.jpg 768w, http:\/\/turnverein-zell.de\/web\/wp-content\/uploads\/2023\/09\/20230504_173255-1536x1152.jpg 1536w, http:\/\/turnverein-zell.de\/web\/wp-content\/uploads\/2023\/09\/20230504_173255-2048x1536.jpg 2048w\" sizes=\"auto, (max-width: 767px) 89vw, (max-width: 1000px) 54vw, (max-width: 1071px) 543px, 580px\" \/><\/figure>\n\n\n\n<figure class=\"wp-block-image size-large\"><img loading=\"lazy\" decoding=\"async\" width=\"768\" height=\"1024\" data-id=\"247\" src=\"http:\/\/turnverein-zell.de\/web\/wp-content\/uploads\/2023\/09\/20230504_173747-768x1024.jpg\" alt=\"\" class=\"wp-image-247\" srcset=\"http:\/\/turnverein-zell.de\/web\/wp-content\/uploads\/2023\/09\/20230504_173747-768x1024.jpg 768w, http:\/\/turnverein-zell.de\/web\/wp-content\/uploads\/2023\/09\/20230504_173747-225x300.jpg 225w, http:\/\/turnverein-zell.de\/web\/wp-content\/uploads\/2023\/09\/20230504_173747-1152x1536.jpg 1152w, http:\/\/turnverein-zell.de\/web\/wp-content\/uploads\/2023\/09\/20230504_173747-1536x2048.jpg 1536w, http:\/\/turnverein-zell.de\/web\/wp-content\/uploads\/2023\/09\/20230504_173747-scaled.jpg 1920w\" sizes=\"auto, (max-width: 767px) 89vw, (max-width: 1000px) 54vw, (max-width: 1071px) 543px, 580px\" \/><\/figure>\n<\/figure>\n","protected":false},"excerpt":{"rendered":"<p>&#8222;Affenstarke Turnkids&#8220; ist&nbsp; ein Eltern-Kind-Turnen zu dem wir Eltern oder Gro\u00dfeltern mit ihren Kindern von 2 bis 4 Jahren herzlich willkommen hei\u00dfen. Hier erwartet die Kinder ein Bewegungsangebot, in dem sie spielen, balancieren, tanzen, klettern, rutschen, springen und toben k\u00f6nnen. Die Eltern begleiten ihre Kinder und k\u00f6nnen hier gerne auch aktiv in das Bewegungsangebot einsteigen.&nbsp;Spielerisch &hellip; <\/p>\n<p class=\"link-more\"><a href=\"http:\/\/turnverein-zell.de\/web\/eltern-kind\/\" class=\"more-link\"><span class=\"screen-reader-text\">\u201eEltern-Kind\u201c <\/span>weiterlesen<\/a><\/p>\n","protected":false},"author":1,"featured_media":0,"parent":0,"menu_order":0,"comment_status":"closed","ping_status":"closed","template":"","meta":{"footnotes":""},"class_list":["post-22","page","type-page","status-publish","hentry"],"_links":{"self":[{"href":"http:\/\/turnverein-zell.de\/web\/wp-json\/wp\/v2\/pages\/22","targetHints":{"allow":["GET"]}}],"collection":[{"href":"http:\/\/turnverein-zell.de\/web\/wp-json\/wp\/v2\/pages"}],"about":[{"href":"http:\/\/turnverein-zell.de\/web\/wp-json\/wp\/v2\/types\/page"}],"author":[{"embeddable":true,"href":"http:\/\/turnverein-zell.de\/web\/wp-json\/wp\/v2\/users\/1"}],"replies":[{"embeddable":true,"href":"http:\/\/turnverein-zell.de\/web\/wp-json\/wp\/v2\/comments?post=22"}],"version-history":[{"count":11,"href":"http:\/\/turnverein-zell.de\/web\/wp-json\/wp\/v2\/pages\/22\/revisions"}],"predecessor-version":[{"id":442,"href":"http:\/\/turnverein-zell.de\/web\/wp-json\/wp\/v2\/pages\/22\/revisions\/442"}],"wp:attachment":[{"href":"http:\/\/turnverein-zell.de\/web\/wp-json\/wp\/v2\/media?parent=22"}],"curies":[{"name":"wp","href":"https:\/\/api.w.org\/{rel}","templated":true}]}}