{"id":260,"date":"2022-09-13T16:36:52","date_gmt":"2022-09-13T14:36:52","guid":{"rendered":"http:\/\/turnverein-zell.de\/web\/?page_id=260"},"modified":"2023-10-09T23:48:07","modified_gmt":"2023-10-09T21:48:07","slug":"kinderturnen","status":"publish","type":"page","link":"http:\/\/turnverein-zell.de\/web\/kinderturnen\/","title":{"rendered":"Kinderturnen"},"content":{"rendered":"\n<p>Kennt ihr H\u00fctchen-Klau, H\u00fctchenw\u00e4chter oder Riese? Wisst ihr was man am Barren, Reck oder mit dem Reifen machen kann? Wollt ihr Spa\u00df bei Spiel und Sport, dann kommt zum Kinderturnen des TV Zell in die Turnhalle des Schulzentrums Zell-Kaimt.<\/p>\n\n\n\n<p class=\"has-background-color has-vivid-red-background-color has-text-color has-background\">Dienstag&nbsp;16:00 &#8211; 18:00 Uhr <br>f\u00fcr Kinder im Alter von 5 bis 7 Jahren<br>In der Turnhalle des Schulzentrums Zell-Kaimt<\/p>\n\n\n\n<h4 class=\"wp-block-heading\">Unsere Trainer<\/h4>\n\n\n\n<p><strong>\u00dcbungsleiterin<\/strong> &#8211; Annerose Eggers<\/p>\n\n\n\n<p> Ansprechpartner Bernd Nickels: Tel.: 0176 93160036<\/p>\n\n\n\n<p>______________________________________________________________<\/p>\n\n\n\n<p class=\"has-background-color has-vivid-red-background-color has-text-color has-background\">Mittwochs&nbsp;16:00 &#8211; 17:30 Uhr <br>f\u00fcr Kinder im Alter von 8 bis 12 Jahren<br>In der Turnhalle des Schulzentrums Zell-Kaimt<\/p>\n\n\n\n<h4 class=\"wp-block-heading\">Unsere Trainer<\/h4>\n\n\n\n<p><strong>\u00dcbungsleiterin<\/strong> &#8211; Denise Heinrich Tel.: 0176 63191139<\/p>\n\n\n\n<p><\/p>\n","protected":false},"excerpt":{"rendered":"<p>Kennt ihr H\u00fctchen-Klau, H\u00fctchenw\u00e4chter oder Riese? Wisst ihr was man am Barren, Reck oder mit dem Reifen machen kann? Wollt ihr Spa\u00df bei Spiel und Sport, dann kommt zum Kinderturnen des TV Zell in die Turnhalle des Schulzentrums Zell-Kaimt. Dienstag&nbsp;16:00 &#8211; 18:00 Uhr f\u00fcr Kinder im Alter von 5 bis 7 JahrenIn der Turnhalle des &hellip; <\/p>\n<p class=\"link-more\"><a href=\"http:\/\/turnverein-zell.de\/web\/kinderturnen\/\" class=\"more-link\"><span class=\"screen-reader-text\">\u201eKinderturnen\u201c <\/span>weiterlesen<\/a><\/p>\n","protected":false},"author":1,"featured_media":0,"parent":0,"menu_order":0,"comment_status":"closed","ping_status":"closed","template":"","meta":{"footnotes":""},"class_list":["post-260","page","type-page","status-publish","hentry"],"_links":{"self":[{"href":"http:\/\/turnverein-zell.de\/web\/wp-json\/wp\/v2\/pages\/260","targetHints":{"allow":["GET"]}}],"collection":[{"href":"http:\/\/turnverein-zell.de\/web\/wp-json\/wp\/v2\/pages"}],"about":[{"href":"http:\/\/turnverein-zell.de\/web\/wp-json\/wp\/v2\/types\/page"}],"author":[{"embeddable":true,"href":"http:\/\/turnverein-zell.de\/web\/wp-json\/wp\/v2\/users\/1"}],"replies":[{"embeddable":true,"href":"http:\/\/turnverein-zell.de\/web\/wp-json\/wp\/v2\/comments?post=260"}],"version-history":[{"count":9,"href":"http:\/\/turnverein-zell.de\/web\/wp-json\/wp\/v2\/pages\/260\/revisions"}],"predecessor-version":[{"id":278,"href":"http:\/\/turnverein-zell.de\/web\/wp-json\/wp\/v2\/pages\/260\/revisions\/278"}],"wp:attachment":[{"href":"http:\/\/turnverein-zell.de\/web\/wp-json\/wp\/v2\/media?parent=260"}],"curies":[{"name":"wp","href":"https:\/\/api.w.org\/{rel}","templated":true}]}}