{"id":30,"date":"2022-09-13T16:38:09","date_gmt":"2022-09-13T14:38:09","guid":{"rendered":"http:\/\/turnverein-zell.de\/web\/?page_id=30"},"modified":"2023-10-11T23:14:29","modified_gmt":"2023-10-11T21:14:29","slug":"vorstand","status":"publish","type":"page","link":"http:\/\/turnverein-zell.de\/web\/vorstand\/","title":{"rendered":"Vorstand"},"content":{"rendered":"\n<h4 class=\"wp-block-heading\">Mitglieder des Vorstandes<\/h4>\n\n\n<div class=\"wp-block-image\">\n<figure class=\"alignleft size-full\"><img loading=\"lazy\" decoding=\"async\" width=\"300\" height=\"286\" src=\"http:\/\/turnverein-zell.de\/web\/wp-content\/uploads\/2022\/09\/fahne.jpg\" alt=\"\" class=\"wp-image-144\"\/><\/figure>\n<\/div>\n\n\n<p><strong>Vorsitzender<\/strong> &#8211; Bernd Nickels<\/p>\n\n\n\n<p><strong>Stellv. Vorsitzender<\/strong> &#8211; Martin Reis<\/p>\n\n\n\n<p><strong>Gesch\u00e4ftsf\u00fchrer<\/strong> &#8211; G\u00fcnter Friedrich<\/p>\n\n\n\n<p><strong>Schatzmeister<\/strong> &#8211; G\u00fcnter Jablonski<\/p>\n\n\n\n<p><strong>Techn. Leiterin<\/strong> &#8211; Jutta Kallfelz<\/p>\n","protected":false},"excerpt":{"rendered":"<p>Mitglieder des Vorstandes Vorsitzender &#8211; Bernd Nickels Stellv. Vorsitzender &#8211; Martin Reis Gesch\u00e4ftsf\u00fchrer &#8211; G\u00fcnter Friedrich Schatzmeister &#8211; G\u00fcnter Jablonski Techn. Leiterin &#8211; Jutta Kallfelz<\/p>\n","protected":false},"author":1,"featured_media":0,"parent":0,"menu_order":0,"comment_status":"closed","ping_status":"closed","template":"","meta":{"footnotes":""},"class_list":["post-30","page","type-page","status-publish","hentry"],"_links":{"self":[{"href":"http:\/\/turnverein-zell.de\/web\/wp-json\/wp\/v2\/pages\/30","targetHints":{"allow":["GET"]}}],"collection":[{"href":"http:\/\/turnverein-zell.de\/web\/wp-json\/wp\/v2\/pages"}],"about":[{"href":"http:\/\/turnverein-zell.de\/web\/wp-json\/wp\/v2\/types\/page"}],"author":[{"embeddable":true,"href":"http:\/\/turnverein-zell.de\/web\/wp-json\/wp\/v2\/users\/1"}],"replies":[{"embeddable":true,"href":"http:\/\/turnverein-zell.de\/web\/wp-json\/wp\/v2\/comments?post=30"}],"version-history":[{"count":6,"href":"http:\/\/turnverein-zell.de\/web\/wp-json\/wp\/v2\/pages\/30\/revisions"}],"predecessor-version":[{"id":340,"href":"http:\/\/turnverein-zell.de\/web\/wp-json\/wp\/v2\/pages\/30\/revisions\/340"}],"wp:attachment":[{"href":"http:\/\/turnverein-zell.de\/web\/wp-json\/wp\/v2\/media?parent=30"}],"curies":[{"name":"wp","href":"https:\/\/api.w.org\/{rel}","templated":true}]}}