{"id":5,"date":"2022-09-13T16:32:44","date_gmt":"2022-09-13T14:32:44","guid":{"rendered":"http:\/\/turnverein-zell.de\/web\/?page_id=5"},"modified":"2023-09-05T14:37:19","modified_gmt":"2023-09-05T12:37:19","slug":"badminton","status":"publish","type":"page","link":"http:\/\/turnverein-zell.de\/web\/badminton\/","title":{"rendered":"Badminton"},"content":{"rendered":"\n<p>35 Personen trafen sich im M\u00e4rz 1978 zu einer Gr\u00fcndungsversammlung. Nachdem Anfang 1979 in der Kaimter Sporthalle die Spielfelder markiert wurden, konnte der Spielbetrieb beginnen. Im gleichen Jahr wurde die erste Wettkampfmannschaft gemeldet. Seither werden neben den Mannschaftsk\u00e4mpfen auch Vereins- und \u00fcberregionale Turniere f\u00fcr Jugendliche und Erwachsene durchgef\u00fchrt. Badminton &#8211; eine Sportart f\u00fcr Jedermann &#8211; wird gespielt in Damen- und Herren-Einzel und Doppel sowie in gemischten Doppeln.<\/p>\n\n\n\n<p class=\"has-vivid-red-background-color has-background\"><strong>Senioren<\/strong> &#8211; Montags und Mittwochs &#8211; 19:00 bis 22:00 Uhr<br><strong>Jugend<\/strong> &#8211; Dienstags &#8211; 18:00 bis 20:00 Uhr<br><br><strong><em>jeweils in der IGS Turnhalle<\/em><\/strong><\/p>\n\n\n\n<h4 class=\"wp-block-heading\">Unsere Trainer<\/h4>\n\n\n\n<p><strong>Abteilungsleiter<\/strong> &#8211; G\u00fcnter Friedrich &#8211; Tel. 06542-5331<\/p>\n\n\n\n<p><strong>\u00dcbungsleiter<\/strong> &#8211; Andreas Korneli<\/p>\n\n\n\n<h4 class=\"wp-block-heading\">Gallerie<\/h4>\n\n\n\n<p><\/p>\n","protected":false},"excerpt":{"rendered":"<p>35 Personen trafen sich im M\u00e4rz 1978 zu einer Gr\u00fcndungsversammlung. Nachdem Anfang 1979 in der Kaimter Sporthalle die Spielfelder markiert wurden, konnte der Spielbetrieb beginnen. Im gleichen Jahr wurde die erste Wettkampfmannschaft gemeldet. Seither werden neben den Mannschaftsk\u00e4mpfen auch Vereins- und \u00fcberregionale Turniere f\u00fcr Jugendliche und Erwachsene durchgef\u00fchrt. Badminton &#8211; eine Sportart f\u00fcr Jedermann &#8211; &hellip; <\/p>\n<p class=\"link-more\"><a href=\"http:\/\/turnverein-zell.de\/web\/badminton\/\" class=\"more-link\"><span class=\"screen-reader-text\">\u201eBadminton\u201c <\/span>weiterlesen<\/a><\/p>\n","protected":false},"author":1,"featured_media":0,"parent":0,"menu_order":0,"comment_status":"closed","ping_status":"closed","template":"","meta":{"footnotes":""},"class_list":["post-5","page","type-page","status-publish","hentry"],"_links":{"self":[{"href":"http:\/\/turnverein-zell.de\/web\/wp-json\/wp\/v2\/pages\/5","targetHints":{"allow":["GET"]}}],"collection":[{"href":"http:\/\/turnverein-zell.de\/web\/wp-json\/wp\/v2\/pages"}],"about":[{"href":"http:\/\/turnverein-zell.de\/web\/wp-json\/wp\/v2\/types\/page"}],"author":[{"embeddable":true,"href":"http:\/\/turnverein-zell.de\/web\/wp-json\/wp\/v2\/users\/1"}],"replies":[{"embeddable":true,"href":"http:\/\/turnverein-zell.de\/web\/wp-json\/wp\/v2\/comments?post=5"}],"version-history":[{"count":6,"href":"http:\/\/turnverein-zell.de\/web\/wp-json\/wp\/v2\/pages\/5\/revisions"}],"predecessor-version":[{"id":227,"href":"http:\/\/turnverein-zell.de\/web\/wp-json\/wp\/v2\/pages\/5\/revisions\/227"}],"wp:attachment":[{"href":"http:\/\/turnverein-zell.de\/web\/wp-json\/wp\/v2\/media?parent=5"}],"curies":[{"name":"wp","href":"https:\/\/api.w.org\/{rel}","templated":true}]}}